{"id":15,"date":"2019-11-14T06:49:14","date_gmt":"2019-11-14T06:49:14","guid":{"rendered":"https:\/\/sktperfectdemo.com\/themepack\/water\/?page_id=15"},"modified":"2024-01-03T17:12:28","modified_gmt":"2024-01-03T17:12:28","slug":"services","status":"publish","type":"page","link":"https:\/\/staging.die-shk-meister.de\/?page_id=15","title":{"rendered":"Services"},"content":{"rendered":"\t\t<div data-elementor-type=\"wp-page\" data-elementor-id=\"15\" class=\"elementor elementor-15\">\n\t\t\t\t<div class=\"elementor-element elementor-element-94b26cb e-flex e-con-boxed e-con e-parent\" data-id=\"94b26cb\" data-element_type=\"container\" data-e-type=\"container\">\n\t\t\t\t\t<div class=\"e-con-inner\">\n\t\t\t\t<div class=\"elementor-element elementor-element-65f0fdb elementor-widget elementor-widget-spacer\" data-id=\"65f0fdb\" data-element_type=\"widget\" data-e-type=\"widget\" data-widget_type=\"spacer.default\">\n\t\t\t\t<div class=\"elementor-widget-container\">\n\t\t\t\t\t\t\t<div class=\"elementor-spacer\">\n\t\t\t<div class=\"elementor-spacer-inner\"><\/div>\n\t\t<\/div>\n\t\t\t\t\t\t<\/div>\n\t\t\t\t<\/div>\n\t\t\t\t\t<\/div>\n\t\t\t\t<\/div>\n\t\t\t\t<section class=\"elementor-section elementor-top-section elementor-element elementor-element-1914a874 elementor-section-boxed elementor-section-height-default elementor-section-height-default\" data-id=\"1914a874\" data-element_type=\"section\" data-e-type=\"section\" data-settings=\"{&quot;background_background&quot;:&quot;classic&quot;}\">\n\t\t\t\t\t\t<div class=\"elementor-container elementor-column-gap-default\">\n\t\t\t\t\t<div class=\"elementor-column elementor-col-33 elementor-top-column elementor-element elementor-element-55c5ef8b animated-slow elementor-invisible\" data-id=\"55c5ef8b\" data-element_type=\"column\" data-e-type=\"column\" data-settings=\"{&quot;animation&quot;:&quot;fadeInLeft&quot;}\">\n\t\t\t<div class=\"elementor-widget-wrap elementor-element-populated\">\n\t\t\t\t\t\t<div class=\"elementor-element elementor-element-3bb3e766 elementor-position-left service-box elementor-vertical-align-top elementor-widget elementor-widget-image-box\" data-id=\"3bb3e766\" data-element_type=\"widget\" data-e-type=\"widget\" data-widget_type=\"image-box.default\">\n\t\t\t\t<div class=\"elementor-widget-container\">\n\t\t\t\t\t<div class=\"elementor-image-box-wrapper\"><figure class=\"elementor-image-box-img\"><img decoding=\"async\" width=\"67\" height=\"63\" src=\"https:\/\/staging.die-shk-meister.de\/wp-content\/uploads\/2019\/11\/service-icon1.png\" class=\"attachment-full size-full wp-image-62\" alt=\"\" \/><\/figure><div class=\"elementor-image-box-content\"><h3 class=\"elementor-image-box-title\"><small>Heizungs-<\/small> Installationen<\/h3><p class=\"elementor-image-box-description\">W\u00e4rmepumpen, Gas- und \u00d6l-Heizungen<\/p><\/div><\/div>\t\t\t\t<\/div>\n\t\t\t\t<\/div>\n\t\t\t\t<div class=\"elementor-element elementor-element-36ff77aa elementor-position-left service-box elementor-vertical-align-top elementor-widget elementor-widget-image-box\" data-id=\"36ff77aa\" data-element_type=\"widget\" data-e-type=\"widget\" data-widget_type=\"image-box.default\">\n\t\t\t\t<div class=\"elementor-widget-container\">\n\t\t\t\t\t<div class=\"elementor-image-box-wrapper\"><figure class=\"elementor-image-box-img\"><img decoding=\"async\" width=\"67\" height=\"67\" src=\"https:\/\/staging.die-shk-meister.de\/wp-content\/uploads\/2019\/11\/service-icon4.png\" class=\"attachment-full size-full wp-image-65\" alt=\"\" \/><\/figure><div class=\"elementor-image-box-content\"><h3 class=\"elementor-image-box-title\"><small>Klima-<\/small> Technik<\/h3><p class=\"elementor-image-box-description\">Immer gute Luft<\/p><\/div><\/div>\t\t\t\t<\/div>\n\t\t\t\t<\/div>\n\t\t\t\t<div class=\"elementor-element elementor-element-61185a15 elementor-position-left service-box elementor-vertical-align-top elementor-widget elementor-widget-image-box\" data-id=\"61185a15\" data-element_type=\"widget\" data-e-type=\"widget\" data-widget_type=\"image-box.default\">\n\t\t\t\t<div class=\"elementor-widget-container\">\n\t\t\t\t\t<div class=\"elementor-image-box-wrapper\"><figure class=\"elementor-image-box-img\"><img decoding=\"async\" width=\"63\" height=\"63\" src=\"https:\/\/staging.die-shk-meister.de\/wp-content\/uploads\/2019\/11\/service-icon5.png\" class=\"attachment-full size-full wp-image-66\" alt=\"\" \/><\/figure><div class=\"elementor-image-box-content\"><h3 class=\"elementor-image-box-title\"><small>Solar-<\/small> L\u00f6sungen<\/h3><p class=\"elementor-image-box-description\">Sonnenklar, spar mit Solar.<\/p><\/div><\/div>\t\t\t\t<\/div>\n\t\t\t\t<\/div>\n\t\t\t\t\t<\/div>\n\t\t<\/div>\n\t\t\t\t<div class=\"elementor-column elementor-col-33 elementor-top-column elementor-element elementor-element-7ace43e9\" data-id=\"7ace43e9\" data-element_type=\"column\" data-e-type=\"column\" id=\"offered-column\" data-settings=\"{&quot;background_background&quot;:&quot;classic&quot;}\">\n\t\t\t<div class=\"elementor-widget-wrap elementor-element-populated\">\n\t\t\t\t\t<div class=\"elementor-background-overlay\"><\/div>\n\t\t\t\t\t\t<div class=\"elementor-element elementor-element-34687733 elementor-widget elementor-widget-heading\" data-id=\"34687733\" data-element_type=\"widget\" data-e-type=\"widget\" data-widget_type=\"heading.default\">\n\t\t\t\t<div class=\"elementor-widget-container\">\n\t\t\t\t\t<h3 class=\"elementor-heading-title elementor-size-default\">Wir bieten<\/h3>\t\t\t\t<\/div>\n\t\t\t\t<\/div>\n\t\t\t\t<div class=\"elementor-element elementor-element-29954cc7 elementor-widget elementor-widget-heading\" data-id=\"29954cc7\" data-element_type=\"widget\" data-e-type=\"widget\" data-widget_type=\"heading.default\">\n\t\t\t\t<div class=\"elementor-widget-container\">\n\t\t\t\t\t<h2 class=\"elementor-heading-title elementor-size-default\">Meister-\nservices<\/h2>\t\t\t\t<\/div>\n\t\t\t\t<\/div>\n\t\t\t\t<div class=\"elementor-element elementor-element-197a6599 elementor-widget elementor-widget-text-editor\" data-id=\"197a6599\" data-element_type=\"widget\" data-e-type=\"widget\" data-widget_type=\"text-editor.default\">\n\t\t\t\t<div class=\"elementor-widget-container\">\n\t\t\t\t\t\t\t\t\tUnsere Fachkenntnisse werden durch die sorgf\u00e4ltige Einhaltung relevanter Vorschriften und Normen verst\u00e4rkt, insbesondere bei der Arbeit an Gas-, \u00d6l- und K\u00e4lteanlagen. Die Anerkennung als Konzessionstr\u00e4ger bei f\u00fchrenden regionalen Energie- und Wasserversorgern zeugt von unserem hohen Verantwortungsbewusstsein und unserer Zuverl\u00e4ssigkeit.\n<br>\n\t\t\t\t\t\t\t\t<\/div>\n\t\t\t\t<\/div>\n\t\t\t\t<div class=\"elementor-element elementor-element-1af1a050 elementor-align-center elementor-widget elementor-widget-button\" data-id=\"1af1a050\" data-element_type=\"widget\" data-e-type=\"widget\" data-widget_type=\"button.default\">\n\t\t\t\t<div class=\"elementor-widget-container\">\n\t\t\t\t\t\t\t\t\t<div class=\"elementor-button-wrapper\">\n\t\t\t\t\t<a class=\"elementor-button elementor-button-link elementor-size-lg\" href=\"tel:+4937236580640\">\n\t\t\t\t\t\t<span class=\"elementor-button-content-wrapper\">\n\t\t\t\t\t\t\t\t\t<span class=\"elementor-button-text\"><i class=\"fa fa-phone\" aria-hidden=\"true\"> <\/i> Rufen Sie uns einfach an <\/span>\n\t\t\t\t\t<\/span>\n\t\t\t\t\t<\/a>\n\t\t\t\t<\/div>\n\t\t\t\t\t\t\t\t<\/div>\n\t\t\t\t<\/div>\n\t\t\t\t\t<\/div>\n\t\t<\/div>\n\t\t\t\t<div class=\"elementor-column elementor-col-33 elementor-top-column elementor-element elementor-element-34e67f17 animated-slow elementor-invisible\" data-id=\"34e67f17\" data-element_type=\"column\" data-e-type=\"column\" data-settings=\"{&quot;animation&quot;:&quot;fadeInRight&quot;}\">\n\t\t\t<div class=\"elementor-widget-wrap elementor-element-populated\">\n\t\t\t\t\t\t<div class=\"elementor-element elementor-element-218376cd elementor-position-right service-box elementor-vertical-align-top elementor-widget elementor-widget-image-box\" data-id=\"218376cd\" data-element_type=\"widget\" data-e-type=\"widget\" data-widget_type=\"image-box.default\">\n\t\t\t\t<div class=\"elementor-widget-container\">\n\t\t\t\t\t<div class=\"elementor-image-box-wrapper\"><figure class=\"elementor-image-box-img\"><img loading=\"lazy\" decoding=\"async\" width=\"63\" height=\"63\" src=\"https:\/\/staging.die-shk-meister.de\/wp-content\/uploads\/2019\/11\/service-icon3.png\" class=\"attachment-full size-full wp-image-64\" alt=\"\" \/><\/figure><div class=\"elementor-image-box-content\"><h3 class=\"elementor-image-box-title\"><small>Badezimmer-<\/small> Installationen<\/h3><p class=\"elementor-image-box-description\">F\u00fcr ein angenehmes Badeerlebnis<\/p><\/div><\/div>\t\t\t\t<\/div>\n\t\t\t\t<\/div>\n\t\t\t\t<div class=\"elementor-element elementor-element-758b8793 elementor-position-right service-box elementor-vertical-align-top elementor-widget elementor-widget-image-box\" data-id=\"758b8793\" data-element_type=\"widget\" data-e-type=\"widget\" data-widget_type=\"image-box.default\">\n\t\t\t\t<div class=\"elementor-widget-container\">\n\t\t\t\t\t<div class=\"elementor-image-box-wrapper\"><figure class=\"elementor-image-box-img\"><img loading=\"lazy\" decoding=\"async\" width=\"66\" height=\"66\" src=\"https:\/\/staging.die-shk-meister.de\/wp-content\/uploads\/2019\/11\/service-icon2.png\" class=\"attachment-full size-full wp-image-63\" alt=\"\" \/><\/figure><div class=\"elementor-image-box-content\"><h3 class=\"elementor-image-box-title\"><small>K\u00fcchen-<\/small> Installationen<\/h3><p class=\"elementor-image-box-description\">Alles sauber und dicht<\/p><\/div><\/div>\t\t\t\t<\/div>\n\t\t\t\t<\/div>\n\t\t\t\t<div class=\"elementor-element elementor-element-7678668a elementor-position-right service-box elementor-vertical-align-top elementor-widget elementor-widget-image-box\" data-id=\"7678668a\" data-element_type=\"widget\" data-e-type=\"widget\" data-widget_type=\"image-box.default\">\n\t\t\t\t<div class=\"elementor-widget-container\">\n\t\t\t\t\t<div class=\"elementor-image-box-wrapper\"><figure class=\"elementor-image-box-img\"><img decoding=\"async\" width=\"67\" height=\"63\" src=\"https:\/\/staging.die-shk-meister.de\/wp-content\/uploads\/2019\/11\/service-icon1.png\" class=\"attachment-full size-full wp-image-62\" alt=\"\" \/><\/figure><div class=\"elementor-image-box-content\"><h3 class=\"elementor-image-box-title\"><small>Boiller<\/small> Austausch<\/h3><p class=\"elementor-image-box-description\">Funktioniert wieder<\/p><\/div><\/div>\t\t\t\t<\/div>\n\t\t\t\t<\/div>\n\t\t\t\t\t<\/div>\n\t\t<\/div>\n\t\t\t\t\t<\/div>\n\t\t<\/section>\n\t\t\t\t<\/div>\n\t\t","protected":false},"excerpt":{"rendered":"<p>Heizungs- Installationen W\u00e4rmepumpen, Gas- und \u00d6l-Heizungen Klima- Technik Immer gute Luft Solar- L\u00f6sungen Sonnenklar, spar mit Solar. Wir bieten Meister- services Unsere Fachkenntnisse werden durch die sorgf\u00e4ltige Einhaltung relevanter Vorschriften und Normen verst\u00e4rkt, insbesondere bei der Arbeit an Gas-, \u00d6l- und K\u00e4lteanlagen. Die Anerkennung als Konzessionstr\u00e4ger bei f\u00fchrenden regionalen Energie- und Wasserversorgern zeugt von unserem<br \/><a class=\"moretag\" href=\"https:\/\/staging.die-shk-meister.de\/?page_id=15\">+ Read More<\/a><\/p>\n","protected":false},"author":1,"featured_media":0,"parent":0,"menu_order":0,"comment_status":"closed","ping_status":"closed","template":"templates\/elementor.php","meta":{"footnotes":""},"class_list":["post-15","page","type-page","status-publish","hentry"],"_links":{"self":[{"href":"https:\/\/staging.die-shk-meister.de\/index.php?rest_route=\/wp\/v2\/pages\/15","targetHints":{"allow":["GET"]}}],"collection":[{"href":"https:\/\/staging.die-shk-meister.de\/index.php?rest_route=\/wp\/v2\/pages"}],"about":[{"href":"https:\/\/staging.die-shk-meister.de\/index.php?rest_route=\/wp\/v2\/types\/page"}],"author":[{"embeddable":true,"href":"https:\/\/staging.die-shk-meister.de\/index.php?rest_route=\/wp\/v2\/users\/1"}],"replies":[{"embeddable":true,"href":"https:\/\/staging.die-shk-meister.de\/index.php?rest_route=%2Fwp%2Fv2%2Fcomments&post=15"}],"version-history":[{"count":34,"href":"https:\/\/staging.die-shk-meister.de\/index.php?rest_route=\/wp\/v2\/pages\/15\/revisions"}],"predecessor-version":[{"id":645,"href":"https:\/\/staging.die-shk-meister.de\/index.php?rest_route=\/wp\/v2\/pages\/15\/revisions\/645"}],"wp:attachment":[{"href":"https:\/\/staging.die-shk-meister.de\/index.php?rest_route=%2Fwp%2Fv2%2Fmedia&parent=15"}],"curies":[{"name":"wp","href":"https:\/\/api.w.org\/{rel}","templated":true}]}}